and 752.
94
Calculate the greatest common factor of 4944 and 192.
48
What is the greatest common divisor of 47127 and 483?
69
What is the greatest common divisor of 18 and 15723?
9
What is the highest common divisor of 832 and 1482?
26
What is the greatest common divisor of 4255 and 53590?
115
Calculate the highest common factor of 20 and 2404.
4
What is the greatest common divisor of 13025513 and 61?
61
Calculate the greatest common factor of 173781 and 9.
9
Calculate the highest common divisor of 234 and 171.
9
What is the highest common factor of 612 and 7043508?
612
Calculate the highest common divisor of 1809 and 10921.
67
Calculate the highest common divisor of 31 and 284611.
31
What is the highest common divisor of 91955 and 795?
265
Calculate the greatest common factor of 273 and 62283.
39
What is the greatest common factor of 243 and 129177?
9
Calculate the highest common divisor of 572 and 399542.
286
What is the greatest common divisor of 5817 and 363?
3
Calculate the highest common divisor of 1720 and 10793.
43
Calculate the highest common factor of 705728 and 1216.
64
Calculate the highest common factor of 32 and 385312.
32
Calculate the greatest common factor of 3355 and 38951.
11
Calculate the highest common divisor of 1372 and 16772.
28
What is the greatest common factor of 10 and 26105?
5
Calculate the greatest common factor of 112144 and 1376.
688
What is the greatest common divisor of 5930 and 310?
10
Calculate the highest common factor of 84 and 47348.
28
What is the greatest common factor of 1277900 and 60?
20
What is the highest common divisor of 1573 and 91949?
143
What is the highest common factor of 68 and 605710?
34
Calculate the greatest common divisor of 690 and 5150850.
690
What is the highest common factor of 82 and 1835242?
82
Calculate the highest common divisor of 378 and 3297.
21
Calculate the greatest common divisor of 799667 and 139.
139
Calculate the highest common divisor of 1984 and 156209.
31
What is the greatest common factor of 310 and 325190?
310
Calculate the greatest common divisor of 12 and 572756.
4
What is the highest common factor of 45260 and 11680?
1460
What is the highest common factor of 406 and 709485?
203
Calculate the highest common factor of 66501 and 23809.
821
What is the greatest common factor of 999 and 1276389?
333
What is the highest common factor of 19008 and 198?
198
What is the greatest common divisor of 331796 and 436?
436
Calculate the greatest common divisor of 9 and 15927.
3
Calculate the greatest common factor of 8415 and 82170.
495
Calculate the greatest common factor of 528822 and 1134.
378
Calculate the highest common divisor of 1159 and 224358.
61
Calculate the greatest common factor of 95127 and 111.
111
Calculate the highest common factor of 1488 and 19933.
31
What is the greatest common divisor of 815392 and 307?
307
What is the greatest common factor of 82455 and 1725?
345
Calculate the highest common divisor of 68 and 24.
4
Calculate the highest common divisor of 2965 and 65.
5
What is the highest common divisor of 168 and 170016?
168
What is the greatest common factor of 10578 and 9589?
43
What is the greatest common divisor of 693 and 256179?
231
Calculate the highest common factor of 13640 and 89342.
682
What is the greatest common factor of 325 and 3731?
13
What is the greatest common factor of 3770 and 15730?
130
What is the greatest common divisor of 28252 and 196?
28
What is the highest common divisor of 30 and 160?
10
What is the greatest common factor of 258987 and 262?
131
Calculate the highest common factor of 41556 and 12.
12
What is the greatest common divisor of 161 and 111251?
161
What is the highest common divisor of 74 and 61378?
2
Calculate the greatest common factor of 2102944 and 8.
8
Calculate the highest common divisor of 361170 and 90.
90
What is the highest common factor of 908 and 876674?
454
Calculate the highest common factor of 205600 and 2313.
257
Calculate the highest common factor of 2522255 and 235.
235
Calculate the greatest common factor of 1399326 and 15.
3
What is the greatest common factor of 3605655 and 813?
813
Calculate the highest common divisor of 60635 and 885.
5
Calculate the highest common divisor of 551216 and 141.
47
Calculate the highest common factor of 70 and 2480.
10
Calculate the greatest common factor of 71409 and 169.
13
What is the greatest common divisor of 287 and 16646?
287
Calculate the highest common divisor of 203904 and 840.
24
What is the greatest common factor of 114257 and 935?
187
What is the highest common factor of 90012 and 3120?
156
Calculate the greatest common factor of 21693 and 42.
21
Calculate the greatest common divisor of 2715 and 240.
15
Calculate the greatest common divisor of 78660 and 29184.
228
What is the greatest common divisor of 410514 and 5187?
741
Calculate the highest common factor of 723 and 923271.
723
What is the highest common divisor of 2392 and 3496?
184
What is the greatest common divisor of 96890 and 40?
10
What is the highest common factor of 530 and 1240?
10
What is the highest common divisor of 1519 and 2511?
31
Calculate the highest common factor of 113680 and 9425.
145
Calculate the greatest common factor of 80 and 970.
10
What is the highest common factor of 235 and 205625?
235
What is the highest common factor of 12 and 17229?
3
What is the highest common factor of 8019 and 77?
11
Calculate the greatest common divisor of 1393 and 3598.
7
Calculate the greatest common factor of 912 and 2928.
48
What is the highest common divisor of 2484975 and 85?
85
Calculate the highest common factor of 356328 and 2205.
441
What is the greatest common factor of 12642 and 2058?
294
What is the greatest common divisor of 1249908 and 68?
68
Calculate the highest common divisor of 5674764 and 111.
111
What is the greatest common divisor of 1072 and 61168?
16
Calculate the greatest common divisor of 77 and 227087.
7
What is the greatest common factor of 271536 and 96?
48
Calculate the highest common divisor of 524885 and 10170.
565
What is the greatest common factor of 66957 and 1056?
33
Calculate the highest common divisor of 365168 and 21808.
464
What is the highest common factor of 5723 and 92689?
59
Calculate the highest common factor of 285 and 37.
1
Calculate the greatest common factor of 1591595 and 25.
5
What is the greatest common factor of 850 and 4454?
34
What is the greatest common divisor of 892 and 2865550?
446
Calculate the greatest common factor of 40734 and 3358.
146
Calculate the highest common factor of 17621 and 536.
67
What is the highest common factor of 158051 and 61?
61
Calculate the highest common divisor of 100030 and 2870.
70
What is the highest common divisor of 123408 and 5?
1
Calculate the greatest common divisor of 36972 and 666.
18
Calculate the greatest common divisor of 23 and 17411.
23
Calculate the highest common divisor of 5665 and 52015.
515
Calculate the greatest common factor of 196 and 22687.
49
Calculate the greatest common divisor of 11776 and 23368.
184
Calculate the highest common factor of 462 and 26202.
66
Calculate the greatest common factor of 20 and 418525.
5
Calculate the highest common factor of 83 and 42662.
83
What is the highest common factor of 494415 and 90?
45
What is the greatest common factor of 59868 and 288?
36
Calculate the highest common factor of 56 and 1171520.
56
Calculate the highest common factor of 180 and 32694.
6
What is the greatest common divisor of 2026 and 17221?
1013
What is the greatest common divisor of 2556 and 36?
36
Calculate the greatest common factor of 434944 and 2048.
256
What is the greatest common factor of 75 and 2536675?
25
What is the greatest common divisor of 4648512 and 22?
22
What is the highest common factor of 10098 and 12936?
66
What is the greatest common factor of 1785749 and 21?
7
What is the highest common factor of 618 and 906?
6
What is the highest common factor of 198 and 1294?
2
Calculate the greatest common divisor of 14328 and 7308.
36
What is the greatest common factor of 3549 and 52221?
507
Calculate the highest common factor of 4050 and 40.
10
Calculate the highest common divisor of 367 and 183133.
367
Calculate the highest common divisor of 1485892 and 5210.
1042
Calcu